{"id":4051,"date":"2018-05-14T14:52:52","date_gmt":"2018-05-14T14:52:52","guid":{"rendered":"https:\/\/demo-content.kaliumtheme.com\/architecture\/?page_id=4051"},"modified":"2020-09-03T14:28:13","modified_gmt":"2020-09-03T12:28:13","slug":"home","status":"publish","type":"page","link":"http:\/\/business.danny-winkelmann.de\/","title":{"rendered":"Home"},"content":{"rendered":"<div class=\"wpb-content-wrapper\"><p>[vc_row full_width=&#8221;stretch_row_content_no_spaces&#8221; no_bottom_margin=&#8221;yes&#8221;][vc_column][lab_heading title=&#8221;&#8221;][\/lab_heading]\n\t\t\t\t<p class=\"rs-p-wp-fix\"><\/p>\n\t\t\t\t<sr7-module data-alias=\"architecture\" data-id=\"1\" id=\"SR7_1_1\" data-version=\"6.7.52\">\n\t\t\t\t\t<sr7-adjuster><\/sr7-adjuster>\n\t\t\t\t\t<sr7-content>\n\t\t\t\t\t\t<sr7-slide id=\"SR7_1_1-1\" data-key=\"1\">\n\t\t\t\t\t\t\t<sr7-bg id=\"SR7_1_1-1-slidebg\" class=\"sr7-layer\"><noscript><img decoding=\"async\" src=\"http:\/\/business.danny-winkelmann.de\/wp-content\/uploads\/2018\/07\/Hongkong.jpg\" alt=\"\" title=\"Home\"><\/noscript><\/sr7-bg>\n\t\t\t\t\t\t\t<sr7-txt id=\"SR7_1_1-1-1\" class=\"sr7-layer\">Danny Winkelmann<\/sr7-txt>\n\t\t\t\t\t\t\t<p id=\"SR7_1_1-1-2\" class=\"sr7-layer\">M.Eng., MBA<\/p>\n\t\t\t\t\t\t\t<sr7-txt id=\"SR7_1_1-1-4\" class=\"sr7-layer\">\u00dcber Mich.<\/sr7-txt>\n\t\t\t\t\t\t<\/sr7-slide>\n\t\t\t\t\t\t<sr7-slide id=\"SR7_1_1-13\" data-key=\"13\">\n\t\t\t\t\t\t<\/sr7-slide>\n\t\t\t\t\t<\/sr7-content>\n\t\t\t\t<\/sr7-module>\n\t\t\t\t<script>\n\t\t\t\t\twindow.SR7 ??={};SR7.PMH ??={}; SR7.PMH[\"SR7_1_1\"] = {cn:100,state:false,fn: function() { if (window._tpt!==undefined && window._tpt.prepareModuleHeight !== undefined) {  _tpt.prepareModuleHeight({id:\"SR7_1_1\",el:[],type:'standard',shdw:'0',gh:[400],gw:[1140],vpt:[''],size:{fullWidth:true, fullHeight:false},mh:'0',onh:0,onw:0,bg:{color:'#eeeeee'},plType:'2',plColor:'#FFFFFF'});   SR7.PMH[\"SR7_1_1\"].state=true;} else if(SR7.PMH[\"SR7_1_1\"].cn-->0)\tsetTimeout( SR7.PMH[\"SR7_1_1\"].fn,19);}};SR7.PMH[\"SR7_1_1\" ].fn();\n\t\t\t\t<\/script>\n[\/vc_column][\/vc_row][vc_row equal_height=&#8221;yes&#8221; el_id=&#8221;white-bg&#8221;][vc_column][vc_empty_space][vc_row_inner el_class=&#8221;homepage-welcome&#8221;][vc_column_inner width=&#8221;1\/2&#8243;][lab_text_autotype typed_text=&#8221;<\/p>\n<h1>*Willkommen;Welcome;\u6b61\u8fce;\u3088\u3046\u3053\u305d;Bienvenue;Welkom;V\u00e4lkommen;Mir\u00eb se vjen;Benvenuto;Willkommen*<\/h1>\n<p>&#8221; typed_show_options=&#8221;yes&#8221; typed_options_cursorchar=&#8221;&#8221; typed_options_typespeed=&#8221;15&#8243; typed_options_backspeed=&#8221;10&#8243; typed_options_startdelay=&#8221;10&#8243; typed_options_backdelay=&#8221;1000&#8243;][\/vc_column_inner][vc_column_inner width=&#8221;1\/2&#8243; css=&#8221;.vc_custom_1526904907304{margin-bottom: 0px !important;}&#8221;][vc_column_text css=&#8221;.vc_custom_1530507180776{margin-bottom: 0px !important;}&#8221;]Sehr geehrte Damen und Herren, willkommen auf meiner Internetpr\u00e4senz!<\/p>\n<p>Hiermit m\u00f6chte ich Ihnen die M\u00f6glichkeit geben sich ein Bild von meiner Person zu machen. Auf den Folgenden Seiten\u00a0finden Sie Angaben zu meiner Person und meiner beruflichen, sowie akademischen Laufbahn.<\/p>\n<p>Mit freundlichen Gr\u00fc\u00dfen<br \/>\nD. Winkelmann[\/vc_column_text][\/vc_column_inner][\/vc_row_inner][vc_empty_space height=&#8221;86px&#8221;][vc_column_text]<\/p>\n<h2>Seiteninhalt<\/h2>\n<p>[\/vc_column_text][vc_empty_space height=&#8221;86px&#8221;][vc_row_inner][vc_column_inner width=&#8221;1\/2&#8243;][lab_service_box][vc_icon icon_linea=&#8221;icon-basic-postcard&#8221; color=&#8221;custom&#8221; size=&#8221;lg&#8221; css_animation=&#8221;fadeInUp&#8221; link=&#8221;url:http%3A%2F%2Fweblog.danny-winkelmann.de%2F%3Fpage_id%3D2167|||&#8221; custom_color=&#8221;#333f50&#8243;][lab_service_box_content title=&#8221;\u00dcber Mich&#8221; description=&#8221;Mein pers\u00f6nliches Profil finden Sie hier.&#8221; link=&#8221;url:http%3A%2F%2Fweblog.danny-winkelmann.de%2F%3Fpage_id%3D2167|||&#8221;][\/lab_service_box][\/vc_column_inner][vc_column_inner width=&#8221;1\/2&#8243;][\/vc_column_inner][\/vc_row_inner][vc_row_inner][vc_column_inner width=&#8221;1\/2&#8243;][\/vc_column_inner][vc_column_inner width=&#8221;1\/2&#8243;][lab_service_box][vc_icon icon_linea=&#8221;icon-basic-book-pen&#8221; color=&#8221;custom&#8221; size=&#8221;lg&#8221; css_animation=&#8221;fadeInUp&#8221; custom_color=&#8221;#333f50&#8243; link=&#8221;url:http%3A%2F%2Fweblog.danny-winkelmann.de%2F%3Fpage_id%3D4808|||&#8221;][lab_service_box_content title=&#8221;Beruf&#8221; description=&#8221;Einen detaillierten \u00dcberblick \u00fcber meine beruflichen Stationen finden Sie hier.&#8221; link=&#8221;url:http%3A%2F%2Fweblog.danny-winkelmann.de%2F%3Fpage_id%3D4808|||&#8221;][\/lab_service_box][\/vc_column_inner][\/vc_row_inner][vc_row_inner][vc_column_inner width=&#8221;1\/2&#8243;][lab_service_box][vc_icon icon_linea=&#8221;icon-basic-lightbulb&#8221; color=&#8221;custom&#8221; size=&#8221;lg&#8221; css_animation=&#8221;fadeInUp&#8221; link=&#8221;url:http%3A%2F%2Fweblog.danny-winkelmann.de%2F%3Fpage_id%3D4937|||&#8221; custom_color=&#8221;#333f50&#8243;][lab_service_box_content title=&#8221;Bildung.&#8221; description=&#8221;Meine akademische Laufbahn, sowie s\u00e4mtliche Weiterbildungen zusammengefasst.&#8221; link=&#8221;url:http%3A%2F%2Fweblog.danny-winkelmann.de%2F%3Fpage_id%3D4937|||&#8221;][\/lab_service_box][\/vc_column_inner][vc_column_inner width=&#8221;1\/2&#8243;][\/vc_column_inner][\/vc_row_inner][vc_row_inner][vc_column_inner width=&#8221;1\/2&#8243;][\/vc_column_inner][vc_column_inner width=&#8221;1\/2&#8243;][lab_service_box][vc_icon icon_linea=&#8221;icon-basic-magnifier-plus&#8221; color=&#8221;custom&#8221; size=&#8221;lg&#8221; css_animation=&#8221;fadeInUp&#8221; custom_color=&#8221;#333f50&#8243; link=&#8221;url:http%3A%2F%2Fweblog.danny-winkelmann.de%2F%3Fpage_id%3D2261|||&#8221;][lab_service_box_content title=&#8221;Kontakt.&#8221; description=&#8221;Sie m\u00f6chten mit mir in Kontakt treten? Meine Kontaktdaten k\u00f6nnen Sie hier einsehen.&#8221; link=&#8221;url:http%3A%2F%2Fweblog.danny-winkelmann.de%2F%3Fpage_id%3D2261|||&#8221;][\/lab_service_box][\/vc_column_inner][\/vc_row_inner][vc_row_inner disable_element=&#8221;yes&#8221;][vc_column_inner width=&#8221;1\/2&#8243;][lab_service_box][vc_icon icon_linea=&#8221;icon-basic-mail-open-text&#8221; color=&#8221;custom&#8221; size=&#8221;lg&#8221; link=&#8221;url:http%3A%2F%2Fweblog.danny-winkelmann.de%2F%3Fpage_id%3D2261|||&#8221; custom_color=&#8221;#333f50&#8243;][lab_service_box_content title=&#8221;Prortfolio.&#8221; description=&#8221;Private Projekte, die Ihnen die M\u00f6glichkeit geben sich ein Bild von meinen Fertigkeiten zu machen.&#8221; link=&#8221;url:http%3A%2F%2Fweblog.danny-winkelmann.de%2F%3Fpage_id%3D4760|||&#8221;][\/lab_service_box][\/vc_column_inner][vc_column_inner width=&#8221;1\/2&#8243;][\/vc_column_inner][\/vc_row_inner][\/vc_column][\/vc_row][vc_row full_width=&#8221;stretch_row&#8221; css=&#8221;.vc_custom_1527248986618{padding-top: 50px !important;padding-bottom: 20px !important;background-color: #fafafa !important;}&#8221; el_class=&#8221;homepage-news&#8221;][vc_column css=&#8221;.vc_custom_1527248930879{padding-top: 0px !important;padding-bottom: 0px !important;}&#8221;][vc_row_inner][vc_column_inner width=&#8221;1\/2&#8243;][vc_column_text css=&#8221;.vc_custom_1531047878502{margin-bottom: 15px !important;}&#8221;]<\/p>\n<h2>Aktueller Arbeitgeber<\/h2>\n<p>[\/vc_column_text][\/vc_column_inner][vc_column_inner width=&#8221;1\/2&#8243;][vc_column_text css=&#8221;.vc_custom_1531047888648{margin-bottom: 50px !important;}&#8221;][\/vc_column_text][\/vc_column_inner][\/vc_row_inner][lab_clients columns_count=&#8221;5&#8243; column_spacing=&#8221;yes&#8221; reveal_effect=&#8221;fadeIn-one&#8221; hover_bg=&#8221;rgba(255,255,255,0.93)&#8221; hover_txt=&#8221;#333f50&#8243; img_size=&#8221;medium&#8221; height=&#8221;200&#8243;][lab_clients_entry image=&#8221;133&#8243; title=&#8221;Mercedes-Benz AG&#8221; link=&#8221;|||&#8221;][\/lab_clients][\/vc_column][\/vc_row]<\/p>\n<\/div>","protected":false},"excerpt":{"rendered":"<p>[vc_row full_width=&#8221;stretch_row_content_no_spaces&#8221; no_bottom_margin=&#8221;yes&#8221;][vc_column][lab_heading title=&#8221;&#8221;][\/lab_heading][\/vc_column][\/vc_row][vc_row equal_height=&#8221;yes&#8221; el_id=&#8221;white-bg&#8221;][vc_column][vc_empty_space][vc_row_inner el_class=&#8221;homepage-welcome&#8221;][vc_column_inner width=&#8221;1\/2&#8243;][lab_text_autotype typed_text=&#8221; *Willkommen;Welcome;\u6b61\u8fce;\u3088\u3046\u3053\u305d;Bienvenue;Welkom;V\u00e4lkommen;Mir\u00eb se vjen;Benvenuto;Willkommen* &#8221; typed_show_options=&#8221;yes&#8221; typed_options_cursorchar=&#8221;&#8221; typed_options_typespeed=&#8221;15&#8243; typed_options_backspeed=&#8221;10&#8243; typed_options_startdelay=&#8221;10&#8243; typed_options_backdelay=&#8221;1000&#8243;][\/vc_column_inner][vc_column_inner width=&#8221;1\/2&#8243; css=&#8221;.vc_custom_1526904907304{margin-bottom: 0px !important;}&#8221;][vc_column_text css=&#8221;.vc_custom_1530507180776{margin-bottom: 0px !important;}&#8221;]Sehr geehrte Damen und Herren, willkommen auf meiner Internetpr\u00e4senz! Hiermit m\u00f6chte ich Ihnen die M\u00f6glichkeit geben sich ein Bild von meiner Person zu machen. Auf den Folgenden Seiten\u00a0finden Sie Angaben&hellip;<\/p>\n","protected":false},"author":1,"featured_media":0,"parent":0,"menu_order":0,"comment_status":"closed","ping_status":"closed","template":"","meta":{"_acf_changed":false,"footnotes":""},"class_list":["post-4051","page","type-page","status-publish","hentry"],"acf":[],"_links":{"self":[{"href":"http:\/\/business.danny-winkelmann.de\/index.php?rest_route=\/wp\/v2\/pages\/4051","targetHints":{"allow":["GET"]}}],"collection":[{"href":"http:\/\/business.danny-winkelmann.de\/index.php?rest_route=\/wp\/v2\/pages"}],"about":[{"href":"http:\/\/business.danny-winkelmann.de\/index.php?rest_route=\/wp\/v2\/types\/page"}],"author":[{"embeddable":true,"href":"http:\/\/business.danny-winkelmann.de\/index.php?rest_route=\/wp\/v2\/users\/1"}],"replies":[{"embeddable":true,"href":"http:\/\/business.danny-winkelmann.de\/index.php?rest_route=%2Fwp%2Fv2%2Fcomments&post=4051"}],"version-history":[{"count":69,"href":"http:\/\/business.danny-winkelmann.de\/index.php?rest_route=\/wp\/v2\/pages\/4051\/revisions"}],"predecessor-version":[{"id":5185,"href":"http:\/\/business.danny-winkelmann.de\/index.php?rest_route=\/wp\/v2\/pages\/4051\/revisions\/5185"}],"wp:attachment":[{"href":"http:\/\/business.danny-winkelmann.de\/index.php?rest_route=%2Fwp%2Fv2%2Fmedia&parent=4051"}],"curies":[{"name":"wp","href":"https:\/\/api.w.org\/{rel}","templated":true}]}}